?
9
What is the thousands digit of 10909?
0
What is the hundreds digit of 5231?
2
What is the hundreds digit of 105?
1
What is the units digit of 65012?
2
What is the ten thousands digit of 69709?
6
What is the units digit of 1566?
6
What is the thousands digit of 27527?
7
What is the hundreds digit of 488?
4
What is the thousands digit of 21474?
1
What is the units digit of 31985?
5
What is the hundreds digit of 1653?
6
What is the units digit of 3793?
3
What is the hundreds digit of 14323?
3
What is the units digit of 5152?
2
What is the hundreds digit of 17887?
8
What is the ten thousands digit of 11744?
1
What is the tens digit of 1033?
3
What is the thousands digit of 1829?
1
What is the thousands digit of 31155?
1
What is the hundreds digit of 10266?
2
What is the tens digit of 108?
0
What is the ten thousands digit of 18652?
1
What is the hundreds digit of 469?
4
What is the ten thousands digit of 14630?
1
What is the tens digit of 18370?
7
What is the units digit of 87773?
3
What is the thousands digit of 21325?
1
What is the thousands digit of 1835?
1
What is the units digit of 12551?
1
What is the units digit of 763?
3
What is the thousands digit of 18097?
8
What is the hundreds digit of 33418?
4
What is the tens digit of 10532?
3
What is the units digit of 7111?
1
What is the tens digit of 23282?
8
What is the units digit of 85329?
9
What is the thousands digit of 140059?
0
What is the units digit of 1411?
1
What is the hundreds digit of 6660?
6
What is the hundreds digit of 28357?
3
What is the tens digit of 15146?
4
What is the ten thousands digit of 42918?
4
What is the ten thousands digit of 30887?
3
What is the hundreds digit of 107159?
1
What is the thousands digit of 6028?
6
What is the units digit of 122?
2
What is the ten thousands digit of 61555?
6
What is the tens digit of 48522?
2
What is the thousands digit of 3044?
3
What is the hundreds digit of 32618?
6
What is the tens digit of 6838?
3
What is the ten thousands digit of 28449?
2
What is the units digit of 496?
6
What is the tens digit of 5064?
6
What is the hundreds digit of 68102?
1
What is the tens digit of 3901?
0
What is the thousands digit of 4205?
4
What is the units digit of 7802?
2
What is the tens digit of 4605?
0
What is the hundreds digit of 51624?
6
What is the tens digit of 7613?
1
What is the tens digit of 3045?
4
What is the tens digit of 367?
6
What is the tens digit of 185?
8
What is the tens digit of 12201?
0
What is the units digit of 127034?
4
What is the units digit of 981?
1
What is the hundreds digit of 6346?
3
What is the tens digit of 35381?
8
What is the hundreds digit of 6328?
3
What is the hundreds digit of 9483?
4
What is the tens digit of 48680?
8
What is the tens digit of 5152?
5
What is the units digit of 26475?
5
What is the tens digit of 2011?
1
What is the tens digit of 9438?
3
What is the units digit of 1075?
5
What is the hundreds digit of 54953?
9
What is the units digit of 1261?
1
What is the units digit of 1837?
7
What is the tens digit of 892?
9
What is the hundreds digit of 46454?
4
What is the units digit of 8993?
3
What is the hundreds digit of 718?
7
What is the units digit of 1054?
4
What is the units digit of 239?
9
What is the thousands digit of 1177?
1
What is the thousands digit of 1192?
1
What is the thousands digit of 14704?
4
What is the tens digit of 368?
6
What is the ten thousands digit of 93884?
9
What is the hundred thousands digit of 168569?
1
What is the thousands digit of 3013?
3
What is the ten thousands digit of 25197?
2
What is the hundreds digit of 1031?
0
What is the tens digit of 2614?
1
What is the hundreds digit of 699?
6
What is the ten thousands digit of 114448?
1
What is the thousands digit of 1270?
1
What is the tens digit of 1174?
7
What is the ten thousands digit of 42659?
4
What is the hundreds digit of 238?
2
What is the tens digit of 12372?
7
What is the hundreds digit of 4325?
3
What is the units digit of 828?
8
What is the units digit of 1371?
1
What is the hundreds digit of 3840?
8
What is the hundreds digit of 8344?
3
What is the thousands digit of 39790?
9
What is the hundreds digit of 758?
7
What is the thousands digit of 3885?
3
What is the tens digit of 33746?
4
What is the hundreds digit of 2730?
7
What is the ten thousands digit of 13449?
1
What is the tens digit of 3115?
1
What is the units digit of 8155?
5
What is the thousands digit of 1333?
1
What is the tens digit of 481?
8
What is the thousands digit of 4827?
4
What is the hundreds digit of 1258?
2
What is the hundreds digit of 7690?
6
What is the hundreds digit of 447?
4
What is the thousands digit of 6543?
6
What is the thousands digit of 5246?
5
What is the units digit of 969?
9
What is the tens digit of 28165?
6
What is the tens digit of 4856?
5
What is the tens digit of 22793?
9
What is the tens digit of 5056?
5
What is the tens digit of 1313?
1
What is the thousands digit of 1237?
1
What is the units digit of 6761?
1
What is the units digit of 219?
9
What is the units digit of 4037?
7
What is the thousands digit of 93558?
3
What is the tens digit of 18810?
1
What is the hundreds digit of 35585?
5
What is the thousands digit of 5372?
5
What is the units digit of 5767?
7
What is the units digit of 489?
9
What is the thousands digit of 2441?
2
What is the units digit of 24722?
2
What is the hundreds digit of 5882?
8
What is the units digit of 3593?
3
What is the thousands digit of 5672?
5
What is the units digit of 7188?
8
What is the units digit of 2199?
9
What is the units digit of 9525?
5
What is the thousands digit of 32771?
2
What is the thousands digit of 22407?
2
What is the hundreds digit of 5264?
2
What is the tens digit of 192?
9
What is the units digit of 4796?
6
What is the tens digit of 4934?
3
What is the tens digit of 1340?
4
What is the hundreds digit of 119?
1
What is the hundreds digit of 689?
6
What is the thousands digit of 78373?
8
What is the tens digit of 4458?
5
What is the thousands digit of 52143?
2
What is the thousands digit of 5321?
5
What is the tens digit of 51764?
6
What is the tens digit of 49011?
1
What is the hundreds digit of 1989?
9
What is the hundreds digit of 28124?
1
What is the units digit of 817?
7
What is the thousands digit of 1278?
1
What is the hundreds digit of 8047?
0
What is the hundreds digit of 28830?
8
What is the units digit of 41144?
4
What is the thousands digit of 13177?
3
What is the units digit of 591?
1
What is the thousands digit of 12855?
2
What is the tens digit of 1438?
3
What is the units digit of 9048?
8
What is the thousands digit of 24154?
4
What is the units digit of 1354?
4
What is the units digit of 1885?
5
What is the thousands digit of 2081?
2
What is the thousands digit of 1600?
1
What is the tens digit of 14118?
1
What is the tens digit of 68?
6
What is the ten thousands digit of 12443?
1
What is the ten thousands digit of 36484?
3
What is the hundreds digit of 1019?
0
What is the hundreds digit of 14097?
0
What is the hundreds digit of 3610?
6
What is the thousands digit of 1709?
1
What is the units digit of 51167?
7
What is the units digit of 1541?
1
What is the ten thousands digit of 79068?
7
What is the hundreds digit of 13874?
8
What is the units digit of 65257?
7
What is the hundreds digit of 1275?
2
What is the thousands digit of 28927?
8
What is the units digit of 1917?
7
What is the hundreds digit of 2860?
8
What is the units digit of 66319?
9
What is the units digit of 28732?
2
What is the units digit of 14386?
6
What is the thousands digit of 1199?
1
What is the hundreds digit of 491?
4
What is the tens digit of 5597?
9
What is the hundreds digit of 425?
4
What is the hundreds digit of 2312?
3
What is the units digit of 5441?
1
What is the tens digit of 201?
0
What is the hundreds digit of 1923?
9
What is the thousands digit of 66023?
6
What is the hundreds digit of 88812?
8
What is the hundreds digit of 11106?
1
What is the ten thousands digit of 169790?
6
What is the thousands digit of 5192?
5
What is the thousands digit of 3448?
3
What is the ten thousands digit of 26488?
2
What is the hundreds digit of 9318?
3
What is the tens digit of 3868?
6
What is the thousands digit of 1379?
1
What is the tens digit of 4913?
1
What is the 